{"id":41,"date":"2026-01-21T19:30:12","date_gmt":"2026-01-21T19:30:12","guid":{"rendered":"https:\/\/csu3.net\/?page_id=41"},"modified":"2026-01-26T15:37:57","modified_gmt":"2026-01-26T15:37:57","slug":"communications","status":"publish","type":"page","link":"https:\/\/csu3.net\/?page_id=41","title":{"rendered":"Communications"},"content":{"rendered":"\n<figure class=\"wp-block-image size-full\"><img loading=\"lazy\" decoding=\"async\" width=\"998\" height=\"499\" src=\"https:\/\/csu3.net\/wp-content\/uploads\/2026\/01\/frequence_mf.png\" alt=\"\" class=\"wp-image-52\" srcset=\"https:\/\/csu3.net\/wp-content\/uploads\/2026\/01\/frequence_mf.png 998w, https:\/\/csu3.net\/wp-content\/uploads\/2026\/01\/frequence_mf-300x150.png 300w, https:\/\/csu3.net\/wp-content\/uploads\/2026\/01\/frequence_mf-768x384.png 768w\" sizes=\"auto, (max-width: 998px) 100vw, 998px\" \/><\/figure>\n\n\n\n<p>MF&nbsp;: 123.225 Mhz<\/p>\n\n\n\n<p>AWOS: 122.175 Mhz<\/p>\n\n\n\n<p><a href=\"https:\/\/csu3.awos.live\">https:\/\/csu3.awos.live<\/a><\/p>\n\n\n\n<p><strong>Approche aux instruments\u00a0 &#8211; EN COURS D&rsquo;APPOROBATION:<\/strong><\/p>\n\n\n\n<p>Une approche aux instrument RNAV (GNSS) sera disponible sur la piste 20. Une proc\u00e9dure d\u00e9part aux instruments est aussi publi\u00e9e pour la piste 02 et la piste 20.<\/p>\n\n\n\n<div class=\"wp-block-buttons is-layout-flex wp-block-buttons-is-layout-flex\">\n<div class=\"wp-block-button\"><a class=\"wp-block-button__link wp-element-button\" href=\"https:\/\/csu3.net\/\">Retour<\/a><\/div>\n<\/div>\n","protected":false},"excerpt":{"rendered":"<p>MF&nbsp;: 123.225 Mhz AWOS: 122.175 Mhz https:\/\/csu3.awos.live Approche aux instruments\u00a0 &#8211; EN COURS D&rsquo;APPOROBATION: Une approche aux instrument RNAV (GNSS) sera disponible sur la piste 20. Une proc\u00e9dure d\u00e9part aux instruments est aussi publi\u00e9e pour la piste 02 et la piste 20.<\/p>\n","protected":false},"author":1,"featured_media":0,"parent":0,"menu_order":0,"comment_status":"closed","ping_status":"closed","template":"","meta":{"footnotes":""},"class_list":["post-41","page","type-page","status-publish","hentry"],"yoast_head":"<!-- This site is optimized with the Yoast SEO plugin v27.4 - https:\/\/yoast.com\/product\/yoast-seo-wordpress\/ -->\n<title>Communications - A\u00e9roport de St-Hyacinthe - CSU3<\/title>\n<meta name=\"robots\" content=\"index, follow, max-snippet:-1, max-image-preview:large, max-video-preview:-1\" \/>\n<link rel=\"canonical\" href=\"https:\/\/csu3.net\/?page_id=41\" \/>\n<meta property=\"og:locale\" content=\"fr_CA\" \/>\n<meta property=\"og:type\" content=\"article\" \/>\n<meta property=\"og:title\" content=\"Communications - A\u00e9roport de St-Hyacinthe - CSU3\" \/>\n<meta property=\"og:description\" content=\"MF&nbsp;: 123.225 Mhz AWOS: 122.175 Mhz https:\/\/csu3.awos.live Approche aux instruments\u00a0 &#8211; EN COURS D&rsquo;APPOROBATION: Une approche aux instrument RNAV (GNSS) sera disponible sur la piste 20. Une proc\u00e9dure d\u00e9part aux instruments est aussi publi\u00e9e pour la piste 02 et la piste 20.\" \/>\n<meta property=\"og:url\" content=\"https:\/\/csu3.net\/?page_id=41\" \/>\n<meta property=\"og:site_name\" content=\"A\u00e9roport de St-Hyacinthe - CSU3\" \/>\n<meta property=\"article:modified_time\" content=\"2026-01-26T15:37:57+00:00\" \/>\n<meta property=\"og:image\" content=\"https:\/\/csu3.net\/wp-content\/uploads\/2026\/01\/frequence_mf.png\" \/>\n\t<meta property=\"og:image:width\" content=\"998\" \/>\n\t<meta property=\"og:image:height\" content=\"499\" \/>\n\t<meta property=\"og:image:type\" content=\"image\/png\" \/>\n<meta name=\"twitter:card\" content=\"summary_large_image\" \/>\n<meta name=\"twitter:label1\" content=\"Estimation du temps de lecture\" \/>\n\t<meta name=\"twitter:data1\" content=\"1 minute\" \/>\n<script type=\"application\/ld+json\" class=\"yoast-schema-graph\">{\"@context\":\"https:\\\/\\\/schema.org\",\"@graph\":[{\"@type\":\"WebPage\",\"@id\":\"https:\\\/\\\/csu3.net\\\/?page_id=41\",\"url\":\"https:\\\/\\\/csu3.net\\\/?page_id=41\",\"name\":\"Communications - A\u00e9roport de St-Hyacinthe - CSU3\",\"isPartOf\":{\"@id\":\"https:\\\/\\\/csu3.net\\\/#website\"},\"primaryImageOfPage\":{\"@id\":\"https:\\\/\\\/csu3.net\\\/?page_id=41#primaryimage\"},\"image\":{\"@id\":\"https:\\\/\\\/csu3.net\\\/?page_id=41#primaryimage\"},\"thumbnailUrl\":\"https:\\\/\\\/csu3.net\\\/wp-content\\\/uploads\\\/2026\\\/01\\\/frequence_mf.png\",\"datePublished\":\"2026-01-21T19:30:12+00:00\",\"dateModified\":\"2026-01-26T15:37:57+00:00\",\"breadcrumb\":{\"@id\":\"https:\\\/\\\/csu3.net\\\/?page_id=41#breadcrumb\"},\"inLanguage\":\"fr-CA\",\"potentialAction\":[{\"@type\":\"ReadAction\",\"target\":[\"https:\\\/\\\/csu3.net\\\/?page_id=41\"]}]},{\"@type\":\"ImageObject\",\"inLanguage\":\"fr-CA\",\"@id\":\"https:\\\/\\\/csu3.net\\\/?page_id=41#primaryimage\",\"url\":\"https:\\\/\\\/csu3.net\\\/wp-content\\\/uploads\\\/2026\\\/01\\\/frequence_mf.png\",\"contentUrl\":\"https:\\\/\\\/csu3.net\\\/wp-content\\\/uploads\\\/2026\\\/01\\\/frequence_mf.png\",\"width\":998,\"height\":499},{\"@type\":\"BreadcrumbList\",\"@id\":\"https:\\\/\\\/csu3.net\\\/?page_id=41#breadcrumb\",\"itemListElement\":[{\"@type\":\"ListItem\",\"position\":1,\"name\":\"Accueil\",\"item\":\"https:\\\/\\\/csu3.net\\\/\"},{\"@type\":\"ListItem\",\"position\":2,\"name\":\"Communications\"}]},{\"@type\":\"WebSite\",\"@id\":\"https:\\\/\\\/csu3.net\\\/#website\",\"url\":\"https:\\\/\\\/csu3.net\\\/\",\"name\":\"A\u00e9roport de St-Hyacinthe - CSU3\",\"description\":\"\",\"potentialAction\":[{\"@type\":\"SearchAction\",\"target\":{\"@type\":\"EntryPoint\",\"urlTemplate\":\"https:\\\/\\\/csu3.net\\\/?s={search_term_string}\"},\"query-input\":{\"@type\":\"PropertyValueSpecification\",\"valueRequired\":true,\"valueName\":\"search_term_string\"}}],\"inLanguage\":\"fr-CA\"}]}<\/script>\n<!-- \/ Yoast SEO plugin. -->","yoast_head_json":{"title":"Communications - A\u00e9roport de St-Hyacinthe - CSU3","robots":{"index":"index","follow":"follow","max-snippet":"max-snippet:-1","max-image-preview":"max-image-preview:large","max-video-preview":"max-video-preview:-1"},"canonical":"https:\/\/csu3.net\/?page_id=41","og_locale":"fr_CA","og_type":"article","og_title":"Communications - A\u00e9roport de St-Hyacinthe - CSU3","og_description":"MF&nbsp;: 123.225 Mhz AWOS: 122.175 Mhz https:\/\/csu3.awos.live Approche aux instruments\u00a0 &#8211; EN COURS D&rsquo;APPOROBATION: Une approche aux instrument RNAV (GNSS) sera disponible sur la piste 20. Une proc\u00e9dure d\u00e9part aux instruments est aussi publi\u00e9e pour la piste 02 et la piste 20.","og_url":"https:\/\/csu3.net\/?page_id=41","og_site_name":"A\u00e9roport de St-Hyacinthe - CSU3","article_modified_time":"2026-01-26T15:37:57+00:00","og_image":[{"width":998,"height":499,"url":"https:\/\/csu3.net\/wp-content\/uploads\/2026\/01\/frequence_mf.png","type":"image\/png"}],"twitter_card":"summary_large_image","twitter_misc":{"Estimation du temps de lecture":"1 minute"},"schema":{"@context":"https:\/\/schema.org","@graph":[{"@type":"WebPage","@id":"https:\/\/csu3.net\/?page_id=41","url":"https:\/\/csu3.net\/?page_id=41","name":"Communications - A\u00e9roport de St-Hyacinthe - CSU3","isPartOf":{"@id":"https:\/\/csu3.net\/#website"},"primaryImageOfPage":{"@id":"https:\/\/csu3.net\/?page_id=41#primaryimage"},"image":{"@id":"https:\/\/csu3.net\/?page_id=41#primaryimage"},"thumbnailUrl":"https:\/\/csu3.net\/wp-content\/uploads\/2026\/01\/frequence_mf.png","datePublished":"2026-01-21T19:30:12+00:00","dateModified":"2026-01-26T15:37:57+00:00","breadcrumb":{"@id":"https:\/\/csu3.net\/?page_id=41#breadcrumb"},"inLanguage":"fr-CA","potentialAction":[{"@type":"ReadAction","target":["https:\/\/csu3.net\/?page_id=41"]}]},{"@type":"ImageObject","inLanguage":"fr-CA","@id":"https:\/\/csu3.net\/?page_id=41#primaryimage","url":"https:\/\/csu3.net\/wp-content\/uploads\/2026\/01\/frequence_mf.png","contentUrl":"https:\/\/csu3.net\/wp-content\/uploads\/2026\/01\/frequence_mf.png","width":998,"height":499},{"@type":"BreadcrumbList","@id":"https:\/\/csu3.net\/?page_id=41#breadcrumb","itemListElement":[{"@type":"ListItem","position":1,"name":"Accueil","item":"https:\/\/csu3.net\/"},{"@type":"ListItem","position":2,"name":"Communications"}]},{"@type":"WebSite","@id":"https:\/\/csu3.net\/#website","url":"https:\/\/csu3.net\/","name":"A\u00e9roport de St-Hyacinthe - CSU3","description":"","potentialAction":[{"@type":"SearchAction","target":{"@type":"EntryPoint","urlTemplate":"https:\/\/csu3.net\/?s={search_term_string}"},"query-input":{"@type":"PropertyValueSpecification","valueRequired":true,"valueName":"search_term_string"}}],"inLanguage":"fr-CA"}]}},"_links":{"self":[{"href":"https:\/\/csu3.net\/index.php?rest_route=\/wp\/v2\/pages\/41","targetHints":{"allow":["GET"]}}],"collection":[{"href":"https:\/\/csu3.net\/index.php?rest_route=\/wp\/v2\/pages"}],"about":[{"href":"https:\/\/csu3.net\/index.php?rest_route=\/wp\/v2\/types\/page"}],"author":[{"embeddable":true,"href":"https:\/\/csu3.net\/index.php?rest_route=\/wp\/v2\/users\/1"}],"replies":[{"embeddable":true,"href":"https:\/\/csu3.net\/index.php?rest_route=%2Fwp%2Fv2%2Fcomments&post=41"}],"version-history":[{"count":4,"href":"https:\/\/csu3.net\/index.php?rest_route=\/wp\/v2\/pages\/41\/revisions"}],"predecessor-version":[{"id":88,"href":"https:\/\/csu3.net\/index.php?rest_route=\/wp\/v2\/pages\/41\/revisions\/88"}],"wp:attachment":[{"href":"https:\/\/csu3.net\/index.php?rest_route=%2Fwp%2Fv2%2Fmedia&parent=41"}],"curies":[{"name":"wp","href":"https:\/\/api.w.org\/{rel}","templated":true}]}}